{"id":1352,"date":"2024-07-05T12:09:53","date_gmt":"2024-07-05T10:09:53","guid":{"rendered":"https:\/\/systema-rma34.fr\/?page_id=1352"},"modified":"2025-09-09T15:05:57","modified_gmt":"2025-09-09T13:05:57","slug":"notreclub","status":"publish","type":"page","link":"https:\/\/systema-rma34.fr\/index.php\/notreclub\/","title":{"rendered":"Notre club"},"content":{"rendered":"\n<div class=\"wp-block-themepunch-revslider revslider\" data-modal=\"false\" data-slidertitle=\"Second\" style=\"\">\n\t\t\t<!-- START Second REVOLUTION SLIDER 6.4.11 --><p class=\"rs-p-wp-fix\"><\/p>\n\t\t\t<rs-module-wrap id=\"rev_slider_2_1_wrapper\" data-source=\"gallery\" style=\"background:#56565e;padding:0;\">\n\t\t\t\t<rs-module id=\"rev_slider_2_1\" style=\"\" data-version=\"6.4.11\">\n\t\t\t\t\t<rs-slides>\n\t\t\t\t\t\t<rs-slide data-key=\"rs-4\" data-title=\"Slide\" data-thumb=\"\/\/systema-rma34.fr\/wp-content\/uploads\/2024\/07\/Systema-RMA-34-avec-banderole-100x50.jpg\" data-in=\"o:0;\" data-out=\"a:false;\">\n\t\t\t\t\t\t\t<img loading=\"lazy\" decoding=\"async\" src=\"\/\/systema-rma34.fr\/wp-content\/uploads\/2024\/07\/Systema-RMA-34-avec-banderole.jpg\" title=\"Systema RMA 34 avec banderole\" width=\"1440\" height=\"810\" class=\"rev-slidebg tp-rs-img\" data-no-retina>\n<!--\n\t\t\t\t\t\t\t--><rs-layer\n\t\t\t\t\t\t\t\tid=\"slider-2-slide-4-layer-1\" \n\t\t\t\t\t\t\t\tdata-type=\"image\"\n\t\t\t\t\t\t\t\tdata-rsp_ch=\"on\"\n\t\t\t\t\t\t\t\tdata-xy=\"x:c;y:b;yo:23px;\"\n\t\t\t\t\t\t\t\tdata-text=\"l:22;a:inherit;\"\n\t\t\t\t\t\t\t\tdata-dim=\"w:34px;h:29px;\"\n\t\t\t\t\t\t\t\tdata-actions='o:click;a:scrollbelow;d:0;sp:400;e:none;'\n\t\t\t\t\t\t\t\tdata-frame_1=\"sR:10;\"\n\t\t\t\t\t\t\t\tdata-frame_999=\"o:0;st:w;sR:8690;\"\n\t\t\t\t\t\t\t\tdata-frame_hover=\"c:#fff;oX:50;oY:50;sp:0;e:none;\"\n\t\t\t\t\t\t\t\tstyle=\"z-index:5;cursor:pointer;\"\n\t\t\t\t\t\t\t><img loading=\"lazy\" decoding=\"async\" src=\"\/\/systema-rma34.fr\/wp-content\/uploads\/2017\/06\/slider_go.png\" class=\"tp-rs-img\" width=\"34\" height=\"29\" data-no-retina> \n\t\t\t\t\t\t\t<\/rs-layer><!--\n\n\t\t\t\t\t\t\t--><rs-layer\n\t\t\t\t\t\t\t\tid=\"slider-2-slide-4-layer-2\" \n\t\t\t\t\t\t\t\tclass=\"trx-big-2\"\n\t\t\t\t\t\t\t\tdata-type=\"text\"\n\t\t\t\t\t\t\t\tdata-color=\"#ffffff\"\n\t\t\t\t\t\t\t\tdata-rsp_ch=\"on\"\n\t\t\t\t\t\t\t\tdata-xy=\"x:c;y:c;yo:-36px;\"\n\t\t\t\t\t\t\t\tdata-text=\"s:65;l:75;ls:5px;fw:900;a:inherit;\"\n\t\t\t\t\t\t\t\tdata-frame_0=\"y:-50px;\"\n\t\t\t\t\t\t\t\tdata-frame_1=\"st:670;sp:1300;sR:670;\"\n\t\t\t\t\t\t\t\tdata-frame_999=\"y:-50px;o:0;st:w;sp:700;sR:7030;\"\n\t\t\t\t\t\t\t\tstyle=\"z-index:6;font-family:Lato;text-transform:uppercase;\"\n\t\t\t\t\t\t\t>SYSTEMA-RMA 34 \n\t\t\t\t\t\t\t<\/rs-layer><!--\n\n\t\t\t\t\t\t\t--><rs-layer\n\t\t\t\t\t\t\t\tid=\"slider-2-slide-4-layer-7\" \n\t\t\t\t\t\t\t\tclass=\"trx-big-2\"\n\t\t\t\t\t\t\t\tdata-type=\"text\"\n\t\t\t\t\t\t\t\tdata-color=\"#ffffff\"\n\t\t\t\t\t\t\t\tdata-rsp_ch=\"on\"\n\t\t\t\t\t\t\t\tdata-xy=\"x:c;y:c;yo:54px;\"\n\t\t\t\t\t\t\t\tdata-text=\"s:65;l:75;ls:5px;fw:900;a:inherit;\"\n\t\t\t\t\t\t\t\tdata-frame_0=\"y:50px;\"\n\t\t\t\t\t\t\t\tdata-frame_1=\"st:670;sp:1300;sR:670;\"\n\t\t\t\t\t\t\t\tdata-frame_999=\"y:50px;o:0;st:w;sp:700;sR:7030;\"\n\t\t\t\t\t\t\t\tstyle=\"z-index:7;font-family:Lato;text-transform:uppercase;\"\n\t\t\t\t\t\t\t>Notre club \n\t\t\t\t\t\t\t<\/rs-layer><!--\n-->\t\t\t\t\t\t<\/rs-slide>\n\t\t\t\t\t\t<rs-slide data-key=\"rs-5\" data-title=\"Slide\" data-thumb=\"\/\/systema-rma34.fr\/wp-content\/uploads\/2024\/07\/Defense-arme-a-feu-100x50.jpg\" data-in=\"o:0;\" data-out=\"a:false;\">\n\t\t\t\t\t\t\t<img loading=\"lazy\" decoding=\"async\" src=\"\/\/systema-rma34.fr\/wp-content\/uploads\/2024\/07\/Defense-arme-a-feu.jpg\" title=\"D\u00e9fense arme \u00e0 feu\" width=\"1296\" height=\"864\" class=\"rev-slidebg tp-rs-img\" data-no-retina>\n<!--\n\t\t\t\t\t\t\t--><rs-layer\n\t\t\t\t\t\t\t\tid=\"slider-2-slide-5-layer-1\" \n\t\t\t\t\t\t\t\tdata-type=\"image\"\n\t\t\t\t\t\t\t\tdata-rsp_ch=\"on\"\n\t\t\t\t\t\t\t\tdata-xy=\"x:c;y:b;yo:23px;\"\n\t\t\t\t\t\t\t\tdata-text=\"l:22;a:inherit;\"\n\t\t\t\t\t\t\t\tdata-dim=\"w:34px;h:29px;\"\n\t\t\t\t\t\t\t\tdata-actions='o:click;a:scrollbelow;d:0;sp:400;e:none;'\n\t\t\t\t\t\t\t\tdata-frame_1=\"sR:10;\"\n\t\t\t\t\t\t\t\tdata-frame_999=\"o:0;st:w;sR:8690;\"\n\t\t\t\t\t\t\t\tdata-frame_hover=\"c:#fff;oX:50;oY:50;sp:0;e:none;\"\n\t\t\t\t\t\t\t\tstyle=\"z-index:5;cursor:pointer;\"\n\t\t\t\t\t\t\t><img loading=\"lazy\" decoding=\"async\" src=\"\/\/systema-rma34.fr\/wp-content\/uploads\/2017\/06\/slider_go.png\" class=\"tp-rs-img\" width=\"34\" height=\"29\" data-no-retina> \n\t\t\t\t\t\t\t<\/rs-layer><!--\n\n\t\t\t\t\t\t\t--><rs-layer\n\t\t\t\t\t\t\t\tid=\"slider-2-slide-5-layer-2\" \n\t\t\t\t\t\t\t\tclass=\"trx-big\"\n\t\t\t\t\t\t\t\tdata-type=\"text\"\n\t\t\t\t\t\t\t\tdata-color=\"#ffffff\"\n\t\t\t\t\t\t\t\tdata-rsp_ch=\"on\"\n\t\t\t\t\t\t\t\tdata-xy=\"x:c;xo:-254px;y:c;yo:15px;\"\n\t\t\t\t\t\t\t\tdata-text=\"s:90;l:100;ls:6px;fw:900;a:inherit;\"\n\t\t\t\t\t\t\t\tdata-frame_0=\"x:-50px;\"\n\t\t\t\t\t\t\t\tdata-frame_1=\"st:670;sp:1300;sR:670;\"\n\t\t\t\t\t\t\t\tdata-frame_999=\"x:-50px;o:0;st:w;sp:700;sR:7030;\"\n\t\t\t\t\t\t\t\tstyle=\"z-index:6;font-family:Lato;text-transform:uppercase;\"\n\t\t\t\t\t\t\t>Systema-RMA34 \n\t\t\t\t\t\t\t<\/rs-layer><!--\n\n\t\t\t\t\t\t\t--><rs-layer\n\t\t\t\t\t\t\t\tid=\"slider-2-slide-5-layer-3\" \n\t\t\t\t\t\t\t\tclass=\"trx-big\"\n\t\t\t\t\t\t\t\tdata-type=\"text\"\n\t\t\t\t\t\t\t\tdata-color=\"#ffffff\"\n\t\t\t\t\t\t\t\tdata-rsp_ch=\"on\"\n\t\t\t\t\t\t\t\tdata-xy=\"x:c;xo:232px;y:c;yo:126px;\"\n\t\t\t\t\t\t\t\tdata-text=\"s:90;l:100;ls:6px;fw:900;a:inherit;\"\n\t\t\t\t\t\t\t\tdata-frame_0=\"x:50px;\"\n\t\t\t\t\t\t\t\tdata-frame_1=\"st:670;sp:1300;sR:670;\"\n\t\t\t\t\t\t\t\tdata-frame_999=\"x:50px;o:0;st:w;sp:700;sR:7030;\"\n\t\t\t\t\t\t\t\tstyle=\"z-index:7;font-family:Lato;text-transform:uppercase;\"\n\t\t\t\t\t\t\t>notre club \n\t\t\t\t\t\t\t<\/rs-layer><!--\n-->\t\t\t\t\t\t<\/rs-slide>\n\t\t\t\t\t\t<rs-slide data-key=\"rs-6\" data-title=\"Slide\" data-thumb=\"\/\/systema-rma34.fr\/wp-content\/uploads\/2024\/07\/Foire-asso-100x50.jpg\" data-in=\"o:0;\" data-out=\"a:false;\">\n\t\t\t\t\t\t\t<img loading=\"lazy\" decoding=\"async\" src=\"\/\/systema-rma34.fr\/wp-content\/uploads\/2024\/07\/Foire-asso.jpg\" title=\"Foire asso\" width=\"1296\" height=\"864\" class=\"rev-slidebg tp-rs-img\" data-no-retina>\n<!--\n\t\t\t\t\t\t\t--><rs-layer\n\t\t\t\t\t\t\t\tid=\"slider-2-slide-6-layer-1\" \n\t\t\t\t\t\t\t\tdata-type=\"image\"\n\t\t\t\t\t\t\t\tdata-rsp_ch=\"on\"\n\t\t\t\t\t\t\t\tdata-xy=\"x:c;y:b;yo:23px;\"\n\t\t\t\t\t\t\t\tdata-text=\"l:22;a:inherit;\"\n\t\t\t\t\t\t\t\tdata-dim=\"w:34px;h:29px;\"\n\t\t\t\t\t\t\t\tdata-actions='o:click;a:scrollbelow;d:0;sp:400;e:none;'\n\t\t\t\t\t\t\t\tdata-frame_1=\"sR:10;\"\n\t\t\t\t\t\t\t\tdata-frame_999=\"o:0;st:w;sR:8690;\"\n\t\t\t\t\t\t\t\tdata-frame_hover=\"c:#fff;oX:50;oY:50;sp:0;e:none;\"\n\t\t\t\t\t\t\t\tstyle=\"z-index:5;cursor:pointer;\"\n\t\t\t\t\t\t\t><img loading=\"lazy\" decoding=\"async\" src=\"\/\/systema-rma34.fr\/wp-content\/uploads\/2017\/06\/slider_go.png\" class=\"tp-rs-img\" width=\"34\" height=\"29\" data-no-retina> \n\t\t\t\t\t\t\t<\/rs-layer><!--\n\n\t\t\t\t\t\t\t--><rs-layer\n\t\t\t\t\t\t\t\tid=\"slider-2-slide-6-layer-2\" \n\t\t\t\t\t\t\t\tclass=\"trx-big-3\"\n\t\t\t\t\t\t\t\tdata-type=\"text\"\n\t\t\t\t\t\t\t\tdata-color=\"#ffffff\"\n\t\t\t\t\t\t\t\tdata-rsp_ch=\"on\"\n\t\t\t\t\t\t\t\tdata-xy=\"x:c;xo:453px;y:c;yo:-357px;\"\n\t\t\t\t\t\t\t\tdata-text=\"s:60;l:72;ls:4px;fw:900;a:center;\"\n\t\t\t\t\t\t\t\tdata-frame_0=\"y:-50px;\"\n\t\t\t\t\t\t\t\tdata-frame_1=\"st:670;sp:1300;sR:670;\"\n\t\t\t\t\t\t\t\tdata-frame_999=\"y:-50px;o:0;st:w;sp:700;sR:7030;\"\n\t\t\t\t\t\t\t\tstyle=\"z-index:6;font-family:Lato;\"\n\t\t\t\t\t\t\t>SYSTEMA-RMA34\n \n\t\t\t\t\t\t\t<\/rs-layer><!--\n\n\t\t\t\t\t\t\t--><rs-layer\n\t\t\t\t\t\t\t\tid=\"slider-2-slide-6-layer-4\" \n\t\t\t\t\t\t\t\tclass=\"trx-big-3\"\n\t\t\t\t\t\t\t\tdata-type=\"text\"\n\t\t\t\t\t\t\t\tdata-color=\"#ffffff\"\n\t\t\t\t\t\t\t\tdata-rsp_ch=\"on\"\n\t\t\t\t\t\t\t\tdata-xy=\"x:c;xo:-346px;y:c;yo:66px;\"\n\t\t\t\t\t\t\t\tdata-text=\"s:60;l:72;ls:4px;fw:900;a:center;\"\n\t\t\t\t\t\t\t\tdata-frame_0=\"y:-50px;\"\n\t\t\t\t\t\t\t\tdata-frame_1=\"st:670;sp:1300;sR:670;\"\n\t\t\t\t\t\t\t\tdata-frame_999=\"y:-50px;o:0;st:w;sp:700;sR:7030;\"\n\t\t\t\t\t\t\t\tstyle=\"z-index:6;font-family:Lato;\"\n\t\t\t\t\t\t\t>NOTRE CLUB \n\t\t\t\t\t\t\t<\/rs-layer><!--\n-->\t\t\t\t\t\t<\/rs-slide>\n\t\t\t\t\t<\/rs-slides>\n\t\t\t\t<\/rs-module>\n\t\t\t\t<script type=\"text\/javascript\">\n\t\t\t\t\tsetREVStartSize({c: 'rev_slider_2_1',rl:[1240,1024,778,480],el:[868],gw:[1170],gh:[868],type:'standard',justify:'',layout:'fullscreen',offsetContainer:'',offset:'',mh:\"0\"});\n\t\t\t\t\tvar\trevapi2,\n\t\t\t\t\t\ttpj;\n\t\t\t\t\tfunction revinit_revslider21() {\n\t\t\t\t\tjQuery(function() {\n\t\t\t\t\t\ttpj = jQuery;\n\t\t\t\t\t\trevapi2 = tpj(\"#rev_slider_2_1\");\n\t\t\t\t\t\tif(revapi2==undefined || revapi2.revolution == undefined){\n\t\t\t\t\t\t\trevslider_showDoubleJqueryError(\"rev_slider_2_1\");\n\t\t\t\t\t\t}else{\n\t\t\t\t\t\t\trevapi2.revolution({\n\t\t\t\t\t\t\t\tDPR:\"dpr\",\n\t\t\t\t\t\t\t\tsliderLayout:\"fullscreen\",\n\t\t\t\t\t\t\t\tvisibilityLevels:\"1240,1024,778,480\",\n\t\t\t\t\t\t\t\tgridwidth:1170,\n\t\t\t\t\t\t\t\tgridheight:868,\n\t\t\t\t\t\t\t\tspinner:\"spinner3\",\n\t\t\t\t\t\t\t\tperspective:600,\n\t\t\t\t\t\t\t\tperspectiveType:\"local\",\n\t\t\t\t\t\t\t\teditorheight:\"868,768,960,720\",\n\t\t\t\t\t\t\t\tresponsiveLevels:\"1240,1024,778,480\",\n\t\t\t\t\t\t\t\tprogressBar:{disableProgressBar:true},\n\t\t\t\t\t\t\t\tnavigation: {\n\t\t\t\t\t\t\t\t\tmouseScrollNavigation:false,\n\t\t\t\t\t\t\t\t\twheelCallDelay:1000,\n\t\t\t\t\t\t\t\t\tonHoverStop:false,\n\t\t\t\t\t\t\t\t\ttouch: {\n\t\t\t\t\t\t\t\t\t\ttouchenabled:true,\n\t\t\t\t\t\t\t\t\t\ttouchOnDesktop:true\n\t\t\t\t\t\t\t\t\t},\n\t\t\t\t\t\t\t\t\tarrows: {\n\t\t\t\t\t\t\t\t\t\tenable:true,\n\t\t\t\t\t\t\t\t\t\tstyle:\"uranus\",\n\t\t\t\t\t\t\t\t\t\thide_onmobile:true,\n\t\t\t\t\t\t\t\t\t\thide_under:1024,\n\t\t\t\t\t\t\t\t\t\tleft: {\n\t\t\t\t\t\t\t\t\t\t\th_offset:55\n\t\t\t\t\t\t\t\t\t\t},\n\t\t\t\t\t\t\t\t\t\tright: {\n\t\t\t\t\t\t\t\t\t\t\th_offset:55\n\t\t\t\t\t\t\t\t\t\t}\n\t\t\t\t\t\t\t\t\t}\n\t\t\t\t\t\t\t\t},\n\t\t\t\t\t\t\t\tfallbacks: {\n\t\t\t\t\t\t\t\t\tallowHTML5AutoPlayOnAndroid:true\n\t\t\t\t\t\t\t\t},\n\t\t\t\t\t\t\t});\n\t\t\t\t\t\t}\n\t\t\t\t\t\t\n\t\t\t\t\t});\n\t\t\t\t\t} \/\/ End of RevInitScript\n\t\t\t\tvar once_revslider21 = false;\n\t\t\t\tif (document.readyState === \"loading\") {document.addEventListener('readystatechange',function() { if((document.readyState === \"interactive\" || document.readyState === \"complete\") && !once_revslider21 ) { once_revslider21 = true; revinit_revslider21();}});} else {once_revslider21 = true; revinit_revslider21();}\n\t\t\t\t<\/script>\n\t\t\t\t<script>\n\t\t\t\t\tvar htmlDivCss = unescape(\"%23rev_slider_2_1_wrapper%20rs-loader.spinner3%20div%20%7B%20background-color%3A%20%23FFFFFF%20%21important%3B%20%7D\");\n\t\t\t\t\tvar htmlDiv = document.getElementById('rs-plugin-settings-inline-css');\n\t\t\t\t\tif(htmlDiv) {\n\t\t\t\t\t\thtmlDiv.innerHTML = htmlDiv.innerHTML + htmlDivCss;\n\t\t\t\t\t}else{\n\t\t\t\t\t\tvar htmlDiv = document.createElement('div');\n\t\t\t\t\t\thtmlDiv.innerHTML = '<style>' + htmlDivCss + '<\/style>';\n\t\t\t\t\t\tdocument.getElementsByTagName('head')[0].appendChild(htmlDiv.childNodes[0]);\n\t\t\t\t\t}\n\t\t\t\t<\/script>\n\t\t\t\t<script>\n\t\t\t\t\tvar htmlDivCss = unescape(\"%23rev_slider_2_1_wrapper%20.uranus.tparrows%20%7B%0A%20%20width%3A50px%3B%0A%20%20height%3A50px%3B%0A%20%20background%3Argba%28255%2C255%2C255%2C0%29%3B%0A%20%7D%0A%20%23rev_slider_2_1_wrapper%20.uranus.tparrows%3Abefore%20%7B%0A%20width%3A50px%3B%0A%20height%3A50px%3B%0A%20line-height%3A50px%3B%0A%20font-size%3A40px%3B%0A%20transition%3Aall%200.3s%3B%0A-webkit-transition%3Aall%200.3s%3B%0A%20%7D%0A%20%0A%20%20%23rev_slider_2_1_wrapper%20.uranus.tparrows.rs-touchhover%3Abefore%20%7B%0A%20%20%20%20opacity%3A0.75%3B%0A%20%20%7D%0A\");\n\t\t\t\t\tvar htmlDiv = document.getElementById('rs-plugin-settings-inline-css');\n\t\t\t\t\tif(htmlDiv) {\n\t\t\t\t\t\thtmlDiv.innerHTML = htmlDiv.innerHTML + htmlDivCss;\n\t\t\t\t\t}else{\n\t\t\t\t\t\tvar htmlDiv = document.createElement('div');\n\t\t\t\t\t\thtmlDiv.innerHTML = '<style>' + htmlDivCss + '<\/style>';\n\t\t\t\t\t\tdocument.getElementsByTagName('head')[0].appendChild(htmlDiv.childNodes[0]);\n\t\t\t\t\t}\n\t\t\t\t<\/script>\n\t\t\t\t<script>\n\t\t\t\t\tvar htmlDivCss = unescape(\"%0A%0A%0A\");\n\t\t\t\t\tvar htmlDiv = document.getElementById('rs-plugin-settings-inline-css');\n\t\t\t\t\tif(htmlDiv) {\n\t\t\t\t\t\thtmlDiv.innerHTML = htmlDiv.innerHTML + htmlDivCss;\n\t\t\t\t\t}else{\n\t\t\t\t\t\tvar htmlDiv = document.createElement('div');\n\t\t\t\t\t\thtmlDiv.innerHTML = '<style>' + htmlDivCss + '<\/style>';\n\t\t\t\t\t\tdocument.getElementsByTagName('head')[0].appendChild(htmlDiv.childNodes[0]);\n\t\t\t\t\t}\n\t\t\t\t<\/script>\n\t\t\t<\/rs-module-wrap>\n\t\t\t<!-- END REVOLUTION SLIDER -->\n<\/div>\n\n\n\n<h2 class=\"wp-block-heading\">Systema-RMA34<\/h2>\n\n\n\n<div class=\"wp-block-media-text is-stacked-on-mobile\"><figure class=\"wp-block-media-text__media\"><img loading=\"lazy\" decoding=\"async\" width=\"412\" height=\"412\" src=\"http:\/\/systema-rma34.fr\/wp-content\/uploads\/2021\/08\/Logo-Systema-RMA-34-bandeau.png\" alt=\"\" class=\"wp-image-1223 size-full\" srcset=\"https:\/\/systema-rma34.fr\/wp-content\/uploads\/2021\/08\/Logo-Systema-RMA-34-bandeau.png 412w, https:\/\/systema-rma34.fr\/wp-content\/uploads\/2021\/08\/Logo-Systema-RMA-34-bandeau-300x300.png 300w, https:\/\/systema-rma34.fr\/wp-content\/uploads\/2021\/08\/Logo-Systema-RMA-34-bandeau-150x150.png 150w, https:\/\/systema-rma34.fr\/wp-content\/uploads\/2021\/08\/Logo-Systema-RMA-34-bandeau-370x370.png 370w, https:\/\/systema-rma34.fr\/wp-content\/uploads\/2021\/08\/Logo-Systema-RMA-34-bandeau-100x100.png 100w\" sizes=\"auto, (max-width: 412px) 100vw, 412px\" \/><\/figure><div class=\"wp-block-media-text__content\">\n<p>L&rsquo;association Systema-RMA34 a \u00e9t\u00e9 cr\u00e9\u00e9e en 2012 \u00e0 Montpellier, et propose depuis lors des cours de systema adultes tous niveaux.<\/p>\n\n\n\n<p>Notre association est affili\u00e9 au Comit\u00e9 Fran\u00e7ais de Systema et Arts Martiaux Russes (CFSAMR), lui-m\u00eame affili\u00e9 \u00e0 la F\u00e9d\u00e9ration Fran\u00e7ais d&rsquo;A\u00efkido et de Budo (FFAB).<\/p>\n\n\n\n<p>Nos instructeurs sont dipl\u00f4m\u00e9s du CFSAMR et disposent de brevets d&rsquo;initiateurs f\u00e9d\u00e9raux ou de brevets f\u00e9d\u00e9raux homologu\u00e9s.<\/p>\n<\/div><\/div>\n\n\n\n<div class=\"wp-block-media-text has-media-on-the-right is-stacked-on-mobile\"><div class=\"wp-block-media-text__content\">\n<p>Systema-RMA34 organise \u00e9galement des \u00e9v\u00e8nements en lien avec son activit\u00e9 principale :<\/p>\n\n\n\n<ul class=\"wp-block-list\">\n<li>stages internationaux de systema<\/li>\n\n\n\n<li>stages de flankirovka (maniement artistique du sabre cosaque)<\/li>\n\n\n\n<li>stages de systema en ext\u00e9rieur\/en altitude<\/li>\n<\/ul>\n<\/div><figure class=\"wp-block-media-text__media\"><img loading=\"lazy\" decoding=\"async\" width=\"1024\" height=\"768\" src=\"https:\/\/systema-rma34.fr\/wp-content\/uploads\/2024\/07\/Stage-Font-Romeu-1024x768.jpg\" alt=\"\" class=\"wp-image-1354 size-full\" srcset=\"https:\/\/systema-rma34.fr\/wp-content\/uploads\/2024\/07\/Stage-Font-Romeu-1024x768.jpg 1024w, https:\/\/systema-rma34.fr\/wp-content\/uploads\/2024\/07\/Stage-Font-Romeu-300x225.jpg 300w, https:\/\/systema-rma34.fr\/wp-content\/uploads\/2024\/07\/Stage-Font-Romeu-768x576.jpg 768w, https:\/\/systema-rma34.fr\/wp-content\/uploads\/2024\/07\/Stage-Font-Romeu-1536x1152.jpg 1536w, https:\/\/systema-rma34.fr\/wp-content\/uploads\/2024\/07\/Stage-Font-Romeu-370x278.jpg 370w, https:\/\/systema-rma34.fr\/wp-content\/uploads\/2024\/07\/Stage-Font-Romeu-760x570.jpg 760w, https:\/\/systema-rma34.fr\/wp-content\/uploads\/2024\/07\/Stage-Font-Romeu-600x450.jpg 600w, https:\/\/systema-rma34.fr\/wp-content\/uploads\/2024\/07\/Stage-Font-Romeu.jpg 2048w\" sizes=\"auto, (max-width: 1024px) 100vw, 1024px\" \/><\/figure><\/div>\n","protected":false},"excerpt":{"rendered":"<p>Systema-RMA34 L&rsquo;association Systema-RMA34 a \u00e9t\u00e9 cr\u00e9\u00e9e en 2012 \u00e0 Montpellier, et propose depuis lors des cours de systema adultes tous niveaux. Notre association est affili\u00e9 au Comit\u00e9 Fran\u00e7ais de Systema et Arts Martiaux Russes (CFSAMR), lui-m\u00eame affili\u00e9 \u00e0&hellip;<\/p>\n","protected":false},"author":1,"featured_media":0,"parent":0,"menu_order":0,"comment_status":"closed","ping_status":"closed","template":"","meta":{"footnotes":""},"class_list":["post-1352","page","type-page","status-publish","hentry"],"_links":{"self":[{"href":"https:\/\/systema-rma34.fr\/index.php\/wp-json\/wp\/v2\/pages\/1352","targetHints":{"allow":["GET"]}}],"collection":[{"href":"https:\/\/systema-rma34.fr\/index.php\/wp-json\/wp\/v2\/pages"}],"about":[{"href":"https:\/\/systema-rma34.fr\/index.php\/wp-json\/wp\/v2\/types\/page"}],"author":[{"embeddable":true,"href":"https:\/\/systema-rma34.fr\/index.php\/wp-json\/wp\/v2\/users\/1"}],"replies":[{"embeddable":true,"href":"https:\/\/systema-rma34.fr\/index.php\/wp-json\/wp\/v2\/comments?post=1352"}],"version-history":[{"count":5,"href":"https:\/\/systema-rma34.fr\/index.php\/wp-json\/wp\/v2\/pages\/1352\/revisions"}],"predecessor-version":[{"id":1443,"href":"https:\/\/systema-rma34.fr\/index.php\/wp-json\/wp\/v2\/pages\/1352\/revisions\/1443"}],"wp:attachment":[{"href":"https:\/\/systema-rma34.fr\/index.php\/wp-json\/wp\/v2\/media?parent=1352"}],"curies":[{"name":"wp","href":"https:\/\/api.w.org\/{rel}","templated":true}]}}